factors of u.
19
Suppose -2*u = g - 18, 4*g = u - 3*u + 24. Suppose 0*y = -4*y + u. List the prime factors of ((-22)/(-4))/(y/4).
11
What are the prime factors of (6/12)/(1/60)?
2, 3, 5
Let y = 288 + -194. What are the prime factors of y?
2, 47
Let b be (-2)/(6 + 0)*3. Let y be (-1)/(3/30) - b. Let u = y - -18. List the prime factors of u.
3
Let v = 17 - -13. Let a be (-2)/12 - 835/v. Let u = a - -40. What are the prime factors of u?
2, 3
Suppose -k - 81 = 2*k. List the prime factors of (-1)/(2 + k/13).
13
Suppose 7*o - 266 = 5*o. List the prime factors of o.
7, 19
Suppose -80 = -4*c - 0*c. List the prime factors of (55/c)/(1/4).
11
List the prime factors of 2/3*(-45)/(-5).
2, 3
Let s = -2 + 6. List the prime factors of s.
2
Let u = -5 + 15. Suppose g = -4*g - u. What are the prime factors of (-9)/g + (-3)/(-6)?
5
List the prime factors of 156 + 8/12*6.
2, 5
Suppose -400 = -8*o + 3*o. Let y be 19/7 + (-8)/(-28). Suppose y*l + 2*l = o. List the prime factors of l.
2
Let v(b) = 6*b**2 + 46*b + 2. What are the prime factors of v(-9)?
2, 37
Suppose -3*l - 7 = v, -5*l + 3*v + 2 = 23. List the prime factors of (-1*12)/l + 12.
2
Let k be 1/(-4 + (-21)/(-5)). Let b(q) = -q**3 + 7*q**2 - 5*q + 6. List the prime factors of b(k).
31
Let f(v) = 51*v - 50. What are the prime factors of f(4)?
2, 7, 11
List the prime factors of ((-66)/4)/((-3)/4).
2, 11
Suppose 1409 + 1300 = 9*l. List the prime factors of l.
7, 43
Suppose 2*d = -11 - 3. What are the prime factors of (-8)/28 + (-30)/d?
2
Suppose 4*g - 14 = 34. Suppose -o + 30 = -g. List the prime factors of o.
2, 3, 7
Let w(s) = s**3 - 5*s**2 + 5*s + 4. Let g be 1 - 1 - (-2 - 0). Let v be 1 - (-2 - (g + -1)). List the prime factors of w(v).
2
Suppose 0*j - 4 = 4*j. Let y = -6 - j. Let g = y + 15. List the prime factors of g.
2, 5
Suppose 0 = h + h - 54. Let w = h - 15. What are the prime factors of w?
2, 3
Suppose -b = 2*b + 3*s - 33, -4*s = -4*b + 4. Let p(g) = -g**2 + 8*g - 6. What are the prime factors of p(b)?
2, 3
Let l(i) = i**3 - 6*i**2 + 7*i + 1. Let q be l(5). Suppose -d + q = 2. List the prime factors of 6*((-3)/d - -1).
2
Let l be -1 - (7 + -2) - -2. Let r = 13 - 21. Let o = l - r. List the prime factors of o.
2
Suppose -l + 4 = -6. Let k be (-38)/6 - l/(-30). What are the prime factors of (-4)/k*(-63)/(-2)?
3, 7
Let o(g) = -8*g - 1. Let v(c) = 17*c + 3. Let s(r) = -9*o(r) - 4*v(r). What are the prime factors of s(3)?
3
Suppose -2*b = -b - 11. List the prime factors of b.
11
List the prime factors of 36/162 + 1600/9.
2, 89
Let i be ((6*-1)/3)/2. Let f = i + 11. Let h = 32 - f. List the prime factors of h.
2, 11
Let g(p) = -p**3 - 4*p**2. Let k be g(-4). Let t = k + 15. List the prime factors of t.
3, 5
Let z(a) = -11*a**3 + a**2 - a + 1. Let o be z(1). What are the prime factors of (-54)/(-10) - (-4)/o?
5
Let w = 15 - 10. Suppose 3*b - w*b + 12 = 0. Let d = 3 + b. What are the prime factors of d?
3
Let c = 82 + -3. What are the prime factors of c?
79
Let l = 46 - -25. List the prime factors of l.
71
Let a = 561 - 321. Suppose -v - 4*v + a = 0. What are the prime factors of v?
2, 3
Suppose 10*g = 1297 - 417. List the prime factors of g.
2, 11
Let c(m) = m**3 + m**2 + 2*m + 70. What are the prime factors of c(0)?
2, 5, 7
Let u = 6 + 5. Let y be (-9)/(-6) + u/(-2). Let w = y + 7. List the prime factors of w.
3
Let x be 7*(-2 + 6 + -3). Suppose 32 = -3*l + x*l. Let g = l - -11. What are the prime factors of g?
19
Suppose 5*r = 167 + 113. What are the prime factors of r?
2, 7
Let s(z) = 2*z**3 + z**2 - z. Let n be 4/(-6)*3/(-2). Let q be s(n). List the prime factors of ((-5)/(-3))/(q/18).
3, 5
List the prime factors of (265 - (0 + 2))*1.
263
Let q(z) = 4*z**3 + z**2. Let s be q(-1). List the prime factors of s/(12/16) - -46.
2, 3, 7
Let x(m) be the second derivative of 2*m**3 - m**2 + m. What are the prime factors of x(1)?
2, 5
Let o be ((-2)/6)/(1/(-18)). Suppose -o*w = -w - 130. Suppose g + d = 1, g + 0*g = 4*d + w. What are the prime factors of g?
2, 3
Let i be (-3)/2*(-4)/3. Let z(j) = 3*j**2 - 5*j - 1. Let f(s) = -4*s**2 + 7*s + 1. Let y(b) = 5*f(b) + 7*z(b). What are the prime factors of y(i)?
2
Let i be (-2*3)/(-3) - -3. Suppose 14 = i*x - 241. List the prime factors of x.
3, 17
Suppose -311 = -4*q - 3*d, 0*q + q - 4*d = 54. What are the prime factors of q?
2, 37
Suppose -l = 3*l - 52. Let o = l + -7. Suppose -4*t + t = -o. List the prime factors of t.
2
Let y(z) = z**2 - 8*z - 1. Let f be y(9). Suppose 2*j = j + f. Suppose 3*g - 4 = j. List the prime factors of g.
2
Suppose -10*p + 8 = -8*p. List the prime factors of p.
2
Suppose 6*r + 567 = 13*r. List the prime factors of r.
3
Suppose 0 = 3*r + 2 + 1. Let w = r + -1. What are the prime factors of (2/2)/(w/(-6))?
3
Suppose -4*w - 5*s = -49 - 14, 0 = -5*w - 5*s + 75. Suppose 5*g = -4*u - 1, 4*g - u - 32 = 4*u. Suppose w - g = r. What are the prime factors of r?
3
Suppose 2*w + 3*s = -w + 21, 0 = -5*w + s + 11. Suppose w*z + 5*o = 50, 0 = 4*z - 3*o - 50 - 65. What are the prime factors of z?
5
Let b be 27/6*(-4)/(-6). Suppose 0 = -b*m + 3 + 3. Suppose -2*f - 8 = -5*n, -4 = -6*f + 4*f + m*n. List the prime factors of f.
2, 3
Suppose 4*q = -25 - 35. Let i = -2 - q. What are the prime factors of i?
13
Let p(y) = -64*y**3 + y. What are the prime factors of p(-1)?
3, 7
Let b be (-6)/10 + (-66)/15. Let g = b - -57. What are the prime factors of g?
2, 13
What are the prime factors of 124 - -1*2 - (-6)/(-3)?
2, 31
Let g(q) = q**2 + 10*q + 13. Let b be g(-9). Let v(u) = -2 - b*u**2 + 3*u**3 + 2*u - 4 - 4*u**3 + 0*u**3. What are the prime factors of v(-5)?
3
Suppose 2*q = -3*d + 4 + 4, 4*d = -4*q + 12. Suppose -p + 13 = -d. List the prime factors of p.
3, 5
Suppose 0 = -2*b - 4, 4*y + 0*y = 2*b. List the prime factors of -1 - -1 - y*41.
41
Let j(u) = 19*u**2. Let y be j(2). Suppose 0*p + 4*g = 4*p - y, -g = -3*p + 53. List the prime factors of p.
17
Suppose -4*w + 96 = -w. List the prime factors of w.
2
Suppose 3*c - 6 = c. Suppose -c*s + 2*s = -3. Suppose -s*x - 2*x = -55. List the prime factors of x.
11
Let v(y) = -12*y + 1. Let s be v(1). Let m(z) = -2*z - 7. List the prime factors of m(s).
3, 5
Let r be ((-26)/(-3))/(1/(-3)). Let l = 2 - r. What are the prime factors of l?
2, 7
Suppose -g + 0 + 2 = 0. Suppose 0 = -g*q - 5 - 3. What are the prime factors of (q/(-10))/((-2)/(-60))?
2, 3
Suppose -h - 1 = 13. Let a be h/(-6) + 8/12. Let r(o) = 2*o**2 - 5*o + 3. List the prime factors of r(a).
2, 3
Suppose -4*d + 4*a = d - 143, -3*a = -4*d + 114. What are the prime factors of d?
3
Let w be 72/(-30) - 3/5. Let s = w + 10. List the prime factors of s.
7
Let r = -102 + 162. What are the prime factors of r?
2, 3, 5
Suppose 4*g = -4*r + 176, 2*g = 3*g + 4*r - 53. What are the prime factors of g?
41
Suppose -5*d = -6 - 4. Suppose 0 = 5*l - 4*a - 36, a = 5*l - d*a - 37. List the prime factors of (-26)/(-8) + (-2)/l.
3
Let n be (0 + 0)/((-3)/(-1)). Suppose -2 = -3*c - 3*m + 4, 4*c + 3*m - 10 = n. List the prime factors of c.
2
Let t(s) = 43*s**3 + s**2 - s + 1. Let u = 4 - 3. Let a be t(u). Suppose -2*v + v - a = -3*c, 2*c = -2*v + 24. What are the prime factors of c?
2, 7
Suppose 21 = -x + 4*x. Suppose 0 = f - 5*d - x, 5*f - d - 13 = 22. Suppose f*j - 10 = 2*j. List the prime factors of j.
2
Suppose 0 = -2*c - c - 3. Let g be c*((-6)/(-3) - 5). Suppose 0 = -g*f - 0*f + 9. What are the prime factors of f?
3
Let v(f) = 16*f**2 - 5*f + 14. What are the prime factors of v(3)?
11, 13
Suppose 0 = -12*s + 6*s + 1212. List the prime factors of s.
2, 101
Let g = 42 + -30. Let h = 7 - 10. Let w = h + g. What are the prime factors of w?
3
Let k = 10 - 5. Let d = -8 + k. What are the prime factors of (5/2)/(d/(-6))?
5
Let g be 1/4 + 56/32. List the prime factors of (g + 1)/((-3)/(-11)).
11
Let m = -40 - -78. Suppose -3*f + 22 = 4*h - 36, m = 2*h - 3*f. List the prime factors of h.
2
Suppose -5*q = -55 - 180. What are the prime factors of q?
47
Let m(h) = 2*h - 5. Let q(c) = c**3 - 3*c**2 - 4*c + 3. Let o be q(2). Let a(p) = 4*p - 11. Let g(n) = o*m(n) + 4*a(n). What are the prime factors of g(-4)?
3
Suppose -7*p - 109 + 1138 = 0. List the prime factors of p.
3, 7
Let h(x) = 3 - 4*x - 2 - x + x. Let y be h(-1). Suppose 2*l + y*s = -2*l + 33, l = 4*s - 18. What are the prim